 highest common divisor of 3022810 and 11542.
398
What is the greatest common divisor of 2096488 and 2840?
568
Calculate the highest common factor of 3232144 and 16.
16
What is the highest common divisor of 435258 and 360?
18
Calculate the highest common factor of 29484 and 12852.
756
What is the highest common divisor of 46075592 and 16?
8
What is the greatest common divisor of 91447617 and 1115?
223
What is the greatest common factor of 50028 and 290854454?
8338
What is the greatest common factor of 197972883 and 141?
141
Calculate the highest common factor of 859870845 and 937.
937
What is the greatest common factor of 4602 and 452176?
118
What is the greatest common factor of 278 and 226484098?
278
Calculate the highest common factor of 339030 and 2385.
45
What is the highest common factor of 89338488 and 3?
3
Calculate the greatest common factor of 1074054500 and 750.
250
Calculate the greatest common factor of 6225 and 162437225.
2075
What is the highest common divisor of 2135 and 27842108?
427
Calculate the greatest common factor of 1206 and 23170878.
1206
Calculate the greatest common divisor of 707705 and 2301.
59
Calculate the highest common factor of 266 and 34078514.
38
Calculate the greatest common factor of 168182 and 949109.
287
Calculate the greatest common divisor of 55236 and 73776.
12
What is the greatest common factor of 87990 and 3570?
210
What is the greatest common divisor of 41968 and 126850?
86
Calculate the highest common factor of 160 and 144864.
32
Calculate the greatest common factor of 1388270 and 4602.
1534
Calculate the greatest common divisor of 31636104 and 24.
24
What is the highest common factor of 178 and 2449814?
178
Calculate the highest common divisor of 1152 and 25761600.
576
What is the greatest common factor of 153594 and 53544414?
966
What is the greatest common factor of 13596387 and 1722?
21
What is the highest common factor of 37 and 14453310?
37
Calculate the highest common factor of 632413217 and 202.
101
Calculate the greatest common factor of 161 and 2122694.
7
What is the highest common divisor of 67920474 and 85503?
7773
Calculate the highest common divisor of 17273828 and 20956.
676
What is the greatest common factor of 149750 and 3550?
50
What is the greatest common factor of 3360 and 20381046?
42
What is the greatest common divisor of 461005 and 13837?
137
What is the greatest common divisor of 69342 and 13093626?
546
Calculate the greatest common factor of 4009008 and 57528.
408
Calculate the greatest common factor of 37439712 and 51.
51
Calculate the highest common divisor of 131254 and 1540886.
1798
Calculate the highest common divisor of 79937484 and 33.
33
Calculate the greatest common divisor of 95958 and 41526.
54
Calculate the greatest common factor of 216895577 and 4516.
1129
What is the highest common factor of 729 and 786681?
9
Calculate the greatest common divisor of 236172 and 240.
12
Calculate the highest common factor of 852907 and 901.
17
Calculate the highest common factor of 13 and 106819414.
13
Calculate the greatest common divisor of 786 and 27078.
6
What is the greatest common divisor of 74 and 1920193921?
37
Calculate the greatest common factor of 1096 and 971944.
8
What is the highest common factor of 64 and 313300176?
16
What is the greatest common divisor of 6560 and 5817080?
1640
What is the greatest common factor of 6975 and 40222500?
2325
Calculate the greatest common divisor of 39132 and 651.
3
Calculate the greatest common factor of 13571 and 6848390.
331
Calculate the greatest common divisor of 3842986 and 14603.
17
What is the greatest common factor of 154 and 575755598?
22
What is the greatest common divisor of 14 and 34920970?
14
Calculate the greatest common divisor of 46994083 and 4034.
2017
What is the greatest common factor of 42 and 1060081428?
42
Calculate the highest common divisor of 4788 and 349942.
38
What is the greatest common divisor of 8182178 and 389801?
3643
Calculate the highest common divisor of 76375928 and 2.
2
What is the greatest common factor of 1010684 and 122553?
1513
What is the greatest common factor of 3112 and 238823438?
778
What is the greatest common factor of 224 and 26921272?
56
Calculate the greatest common divisor of 131408 and 304784.
688
Calculate the highest common factor of 2762728 and 9850.
394
Calculate the greatest common factor of 9058550 and 336950.
1150
Calculate the greatest common factor of 329462988 and 4527.
1509
What is the highest common factor of 775080 and 186?
6
What is the greatest common factor of 702 and 121387617?
117
Calculate the greatest common divisor of 1546116 and 1549614.
3498
Calculate the highest common divisor of 52918549 and 3313.
3313
What is the greatest common divisor of 540 and 5526720?
180
What is the greatest common divisor of 10146 and 2480298?
114
What is the greatest common divisor of 1493353 and 3987?
443
What is the highest common factor of 4306268 and 58?
58
Calculate the highest common divisor of 3 and 31303059.
3
Calculate the greatest common divisor of 171654 and 527772.
2562
What is the greatest common factor of 24177454 and 287328?
5986
What is the greatest common factor of 102885647 and 230?
23
Calculate the highest common factor of 390130 and 660.
10
Calculate the highest common divisor of 25103676 and 371604.
2148
Calculate the highest common divisor of 2742 and 1956637274.
914
What is the highest common factor of 3204 and 1753389?
801
What is the greatest common factor of 13616 and 2783621?
851
Calculate the highest common factor of 889 and 7408418.
127
Calculate the highest common divisor of 9728 and 112290.
38
What is the highest common divisor of 82192 and 313104?
176
Calculate the highest common divisor of 2052 and 741842118.
1026
Calculate the greatest common factor of 21 and 9708447.
21
What is the highest common factor of 126240 and 324960?
480
What is the greatest common divisor of 830035 and 1813215?
545
What is the greatest common divisor of 166060 and 11960?
460
What is the highest common factor of 153 and 4670427?
51
What is the greatest common factor of 53147090 and 20?
10
What is the highest common divisor of 1964403 and 126?
63
What is the highest common factor of 63168938 and 32242?
686
What is the greatest common divisor of 308 and 80284732?
44
Calculate the greatest common factor of 2911 and 940663.
41
Calculate the greatest common factor of 1753501 and 620970.
2957
Calculate the greatest common factor of 8669 and 378566561.
8669
What is the highest common factor of 195470 and 16401?
11
Calculate the highest common divisor of 35897784 and 234.
78
What is the highest common factor of 1210158 and 1014?
6
What is the greatest common factor of 68403 and 12589323?
453
What is the greatest common divisor of 1001499 and 101703?
501
Calculate the highest common divisor of 458 and 21378295.
229
Calculate the greatest common divisor of 1347260 and 925009.
1643
What is the highest common factor of 9930 and 10950?
30
Calculate the greatest common divisor of 746565 and 122475.
1065
What is the greatest common divisor of 1211 and 10867687?
173
What is the greatest common divisor of 19644 and 190590999?
4911
Calculate the greatest common factor of 22072 and 356872.
248
What is the greatest common divisor of 4294 and 2493978?
38
What is the greatest common factor of 17446 and 21775?
13
What is the highest common divisor of 43875 and 1859625?
3375
What is the highest common factor of 721165753 and 1484?
371
What is the greatest common factor of 5250019 and 110507?
1873
Calculate the greatest common factor of 193791 and 5941.
13
What is the greatest common divisor of 6114561 and 16131?
57
What is the greatest common divisor of 690 and 200904?
6
Calculate the greatest common factor of 998223 and 202929.
1173
What is the highest common divisor of 3024780471 and 34?
17
Calculate the greatest common factor of 6020 and 30280.
20
What is the greatest common divisor of 184741890 and 83810?
4930
What is the highest common factor of 8575 and 37750?
25
Calculate the greatest common factor of 1043309 and 18404.
43
What is the highest common divisor of 34 and 77512078?
34
What is the highest common divisor of 236 and 24860?
4
What is the highest common factor of 366 and 152